{"id":38,"date":"2020-07-16T06:59:32","date_gmt":"2020-07-16T06:59:32","guid":{"rendered":"https:\/\/4klee.com\/?page_id=38"},"modified":"2025-11-17T15:12:32","modified_gmt":"2025-11-17T15:12:32","slug":"vierklee-stammkunden-bonus-program","status":"publish","type":"page","link":"https:\/\/vierklee.com\/index.php\/vierklee-stammkunden-bonus-program\/","title":{"rendered":"Stammkunden Bonus Programm"},"content":{"rendered":"<h4><strong>Unser Angebot f\u00fcr Stammkunden auf unserer <a href=\"https:\/\/vierklee-wetten.com\/#af=39300\" target=\"_blank\" rel=\"noopener noreferrer\">Online Wettseite<\/a>.<br \/><\/strong><\/h4>\n<p>Es gibt 2 Stufen f\u00fcr die Sie sich am Stammkunden Bonus Programm leicht\u00a0 qualifizieren k\u00f6nnen.<\/p>\n<p><strong>Wie funktioniert das Stammkunden Bonus Programm?<\/strong><\/p>\n<ul>\n<li>Sie m\u00fcssen mindestens 10 Pregame-Wetten pro Monat mit einem Mindestumsatz von 200 Euro abgeben, dann qualifzieren Sie sich f\u00fcr die erste Stufe des Stammkunden Bonus.<\/li>\n<\/ul>\n<p>Nach dem ersten Monat erreichen Sie die Stufe 1.<\/p>\n<h2 style=\"text-align: center;\"><strong>\u00a0Stammkunden Bonus Stufe 1:<\/strong><\/h2>\n<ul>\n<li>5% Cashback (maximal 25 Euro)<\/li>\n<li>Teilnahme an einer Verlosung von Freebets (maximal 10 Euro)<\/li>\n<\/ul>\n<p>Nach dem zweiten Monat erreichen Sie die Stufe 2.<\/p>\n<h2 style=\"text-align: center;\"><strong>\u00a0Stammkunden Bonus Stufe 2:<\/strong><\/h2>\n<ul>\n<li>10% Cashback (maximal 50 Euro)<\/li>\n<li>W\u00f6chentliche Teilnahme an der Verlosung von Freebets (maximal 20 Euro)<\/li>\n<li>Geburtstagsbonus<\/li>\n<li>Regelm\u00e4\u00dfige Reload-Bonus-Angebote<\/li>\n<\/ul>\n<h3>\u00a0<\/h3>\n<h3>Teilnahmebedingungen f\u00fcr das Stammkunden Bonus Programm:<\/h3>\n<p>F\u00fcr die Berechnung des Mindesteinsatzes z\u00e4hlen maximal 25 Euro pro Wette, Mindestquote 2.0, Vielfachwetten werden doppelt gez\u00e4hlt.<br \/>Pro Ereignis wird nur die erste Wette f\u00fcr den Mindesteinsatz angerechnet.<br \/>Wetten mit Bonusgeld z\u00e4hlen nicht.<br \/>Aktivierung der Checkbox in Ihrem Wettkonto:\u00a0 &#8222;Ich m\u00f6chte f\u00fcr Bonus und Bonus-Angebote ber\u00fccksichtigt werden&#8220;.<\/p>\n<h4>Bedingungen f\u00fcr <strong>Cashback<\/strong>:<\/h4>\n<p>F\u00fcr die Berechnung des Cashback werden alle Wetten (Pregame und Live) ber\u00fccksichtigt.<br \/>Wetten mit Bonusgeld z\u00e4hlen nicht.<\/p>\n<h4>Bedingungen f\u00fcr <strong>Freebets<\/strong>:<\/h4>\n<p>Mindestens 1 Einzahlung, die nicht im Zusammenhang mit einer Bonusaktion steht.<br \/>Umsetzung innerhalb einer Woche.<br \/>Die Verlosung der Freebets findet w\u00f6chentlich jeden Freitag statt.<br \/>Es werden 10 Freebets verlost.<\/p>\n<h4>Bedingungen f\u00fcr gratis Wettguthaben oder Gratiswetten allgemein:<\/h4>\n<p>Keine vorhergehende Auszahlung im Zeitraum 30 Tage vor Einzahlung.<br \/>Gutschrift innerhalb 24 Stunden.<br \/>Einzahlungsbetrag muss mindestens 1 mal vollst\u00e4ndig umgesetzt werden.<br \/>Der Bonusbetrag muss mindestens 3 mal zur Quote 1.50 innerhalb eines Monats umgesetzt werden.<br \/>Ab einem Kontostand von 500\u20ac gibt es keine weiteren Bonus auf Einzahlungen.<br \/>Maximaler Bonusbetrag pro Monat 100\u20ac.<\/p>\n<p>Vierklee beh\u00e4lt sich das Recht vor, den Stammkunden Bonus jederzeit zu beenden, ver\u00e4ndern oder Kunden ohne Angabe von Gr\u00fcnden von dieser Aktion auszuschlie\u00dfen. Der Rechtsweg ist ausgeschlossen.<\/p>\n<p>Sie k\u00f6nnen das Angebot ebenfalls auf unserer Wettseite unter dem Punkt <a href=\"https:\/\/vierklee-wetten.com\/#af=39300\" target=\"_blank\" rel=\"noopener noreferrer\">Promotions<\/a> finden und dort die Bedingungen nachlesen. Unser Support wird Ihnen gerne behilflich sein, bei der Beantwortung Ihrer Fragen, im Falle von Unklarheiten.\u00a0 Schicken Sie dazu eine E-Mail an support@vierklee-wetten.com oder nehmen Sie \u00fcber das Nachrichten-System auf unserer Wettseite Kontakt mit unserem Team auf.<\/p>\n<p>Ihr <a href=\"https:\/\/vierklee.com\/index.php\/impressum\/\">Vierklee<\/a> Sportwetten-Team<\/p>\n\n<div class=\"wp-block-image\">\n<figure class=\"aligncenter size-large\"><img loading=\"lazy\" decoding=\"async\" width=\"330\" height=\"300\" src=\"https:\/\/vierklee.com\/wp-content\/uploads\/2020\/12\/pyramid_blacktxt.png\" alt=\"Stammkunden Bonus\" class=\"wp-image-3859\" srcset=\"https:\/\/vierklee.com\/wp-content\/uploads\/2020\/12\/pyramid_blacktxt.png 330w, https:\/\/vierklee.com\/wp-content\/uploads\/2020\/12\/pyramid_blacktxt-300x273.png 300w, https:\/\/vierklee.com\/wp-content\/uploads\/2020\/12\/pyramid_blacktxt-230x209.png 230w\" sizes=\"auto, (max-width: 330px) 100vw, 330px\" \/><figcaption class=\"wp-element-caption\">Stammkunden Bonus Programm<\/figcaption><\/figure><\/div>","protected":false},"excerpt":{"rendered":"<p>Unser Angebot f\u00fcr Stammkunden auf unserer Online Wettseite. Es gibt 2 Stufen f\u00fcr die Sie sich am Stammkunden Bonus Programm leicht\u00a0 qualifizieren [&hellip;]<\/p>\n","protected":false},"author":1,"featured_media":0,"parent":0,"menu_order":0,"comment_status":"closed","ping_status":"closed","template":"","meta":{"footnotes":""},"class_list":["post-38","page","type-page","status-publish","hentry"],"yoast_head":"<!-- This site is optimized with the Yoast SEO plugin v27.3 - https:\/\/yoast.com\/product\/yoast-seo-wordpress\/ -->\n<title>Stammkunden Bonus Programm - Vierklee Sportwetten Info-Seite<\/title>\n<meta name=\"description\" content=\"Unser Stammkunden Bonus Programm f\u00fcr aktive Sportwetten Kunden. Wir bieten zahlreiche Boni f\u00fcr aktive Bestandskunden auf unserer Wettseite.\" \/>\n<meta name=\"robots\" content=\"index, follow, max-snippet:-1, max-image-preview:large, max-video-preview:-1\" \/>\n<link rel=\"canonical\" href=\"https:\/\/vierklee.com\/index.php\/vierklee-stammkunden-bonus-program\/\" \/>\n<meta property=\"og:locale\" content=\"de_DE\" \/>\n<meta property=\"og:type\" content=\"article\" \/>\n<meta property=\"og:title\" content=\"Stammkunden Bonus Programm - Vierklee Sportwetten Info-Seite\" \/>\n<meta property=\"og:description\" content=\"Unser Stammkunden Bonus Programm f\u00fcr aktive Sportwetten Kunden. Wir bieten zahlreiche Boni f\u00fcr aktive Bestandskunden auf unserer Wettseite.\" \/>\n<meta property=\"og:url\" content=\"https:\/\/vierklee.com\/index.php\/vierklee-stammkunden-bonus-program\/\" \/>\n<meta property=\"og:site_name\" content=\"Vierklee Sportwetten Info-Seite\" \/>\n<meta property=\"article:publisher\" content=\"https:\/\/www.facebook.com\/vierklee\" \/>\n<meta property=\"article:modified_time\" content=\"2025-11-17T15:12:32+00:00\" \/>\n<meta property=\"og:image\" content=\"https:\/\/vierklee.com\/wp-content\/uploads\/2020\/12\/pyramid_blacktxt.png\" \/>\n<meta name=\"twitter:card\" content=\"summary_large_image\" \/>\n<meta name=\"twitter:site\" content=\"@vierkleebet\" \/>\n<meta name=\"twitter:label1\" content=\"Gesch\u00e4tzte Lesezeit\" \/>\n\t<meta name=\"twitter:data1\" content=\"3\u00a0Minuten\" \/>\n<script type=\"application\/ld+json\" class=\"yoast-schema-graph\">{\"@context\":\"https:\\\/\\\/schema.org\",\"@graph\":[{\"@type\":\"WebPage\",\"@id\":\"https:\\\/\\\/vierklee.com\\\/index.php\\\/vierklee-stammkunden-bonus-program\\\/\",\"url\":\"https:\\\/\\\/vierklee.com\\\/index.php\\\/vierklee-stammkunden-bonus-program\\\/\",\"name\":\"Stammkunden Bonus Programm - Vierklee Sportwetten Info-Seite\",\"isPartOf\":{\"@id\":\"https:\\\/\\\/vierklee.com\\\/#website\"},\"primaryImageOfPage\":{\"@id\":\"https:\\\/\\\/vierklee.com\\\/index.php\\\/vierklee-stammkunden-bonus-program\\\/#primaryimage\"},\"image\":{\"@id\":\"https:\\\/\\\/vierklee.com\\\/index.php\\\/vierklee-stammkunden-bonus-program\\\/#primaryimage\"},\"thumbnailUrl\":\"https:\\\/\\\/vierklee.com\\\/wp-content\\\/uploads\\\/2020\\\/12\\\/pyramid_blacktxt.png\",\"datePublished\":\"2020-07-16T06:59:32+00:00\",\"dateModified\":\"2025-11-17T15:12:32+00:00\",\"description\":\"Unser Stammkunden Bonus Programm f\u00fcr aktive Sportwetten Kunden. Wir bieten zahlreiche Boni f\u00fcr aktive Bestandskunden auf unserer Wettseite.\",\"breadcrumb\":{\"@id\":\"https:\\\/\\\/vierklee.com\\\/index.php\\\/vierklee-stammkunden-bonus-program\\\/#breadcrumb\"},\"inLanguage\":\"de\",\"potentialAction\":[{\"@type\":\"ReadAction\",\"target\":[\"https:\\\/\\\/vierklee.com\\\/index.php\\\/vierklee-stammkunden-bonus-program\\\/\"]}]},{\"@type\":\"ImageObject\",\"inLanguage\":\"de\",\"@id\":\"https:\\\/\\\/vierklee.com\\\/index.php\\\/vierklee-stammkunden-bonus-program\\\/#primaryimage\",\"url\":\"https:\\\/\\\/vierklee.com\\\/wp-content\\\/uploads\\\/2020\\\/12\\\/pyramid_blacktxt.png\",\"contentUrl\":\"https:\\\/\\\/vierklee.com\\\/wp-content\\\/uploads\\\/2020\\\/12\\\/pyramid_blacktxt.png\",\"width\":330,\"height\":300,\"caption\":\"Stammkunden Bonus Programm\"},{\"@type\":\"BreadcrumbList\",\"@id\":\"https:\\\/\\\/vierklee.com\\\/index.php\\\/vierklee-stammkunden-bonus-program\\\/#breadcrumb\",\"itemListElement\":[{\"@type\":\"ListItem\",\"position\":1,\"name\":\"Startseite\",\"item\":\"https:\\\/\\\/vierklee.com\\\/\"},{\"@type\":\"ListItem\",\"position\":2,\"name\":\"Stammkunden Bonus Programm\"}]},{\"@type\":\"WebSite\",\"@id\":\"https:\\\/\\\/vierklee.com\\\/#website\",\"url\":\"https:\\\/\\\/vierklee.com\\\/\",\"name\":\"Vierklee Sportwetten\",\"description\":\"Online Wetten oder unsere Wettterminals und Dartautomaten.\",\"publisher\":{\"@id\":\"https:\\\/\\\/vierklee.com\\\/#organization\"},\"alternateName\":\"Vierklee Online Wetten\",\"potentialAction\":[{\"@type\":\"SearchAction\",\"target\":{\"@type\":\"EntryPoint\",\"urlTemplate\":\"https:\\\/\\\/vierklee.com\\\/?s={search_term_string}\"},\"query-input\":{\"@type\":\"PropertyValueSpecification\",\"valueRequired\":true,\"valueName\":\"search_term_string\"}}],\"inLanguage\":\"de\"},{\"@type\":\"Organization\",\"@id\":\"https:\\\/\\\/vierklee.com\\\/#organization\",\"name\":\"Vierklee Wettb\u00fcro GmbH\",\"alternateName\":\"Vierklee\",\"url\":\"https:\\\/\\\/vierklee.com\\\/\",\"logo\":{\"@type\":\"ImageObject\",\"inLanguage\":\"de\",\"@id\":\"https:\\\/\\\/vierklee.com\\\/#\\\/schema\\\/logo\\\/image\\\/\",\"url\":\"https:\\\/\\\/vierklee.com\\\/wp-content\\\/uploads\\\/2020\\\/12\\\/vierklee_hintergrund.png\",\"contentUrl\":\"https:\\\/\\\/vierklee.com\\\/wp-content\\\/uploads\\\/2020\\\/12\\\/vierklee_hintergrund.png\",\"width\":265,\"height\":80,\"caption\":\"Vierklee Wettb\u00fcro GmbH\"},\"image\":{\"@id\":\"https:\\\/\\\/vierklee.com\\\/#\\\/schema\\\/logo\\\/image\\\/\"},\"sameAs\":[\"https:\\\/\\\/www.facebook.com\\\/vierklee\",\"https:\\\/\\\/x.com\\\/vierkleebet\",\"https:\\\/\\\/www.instagram.com\\\/vierkleebet\\\/\",\"https:\\\/\\\/www.tumblr.com\\\/vierkleebet\"]}]}<\/script>\n<!-- \/ Yoast SEO plugin. -->","yoast_head_json":{"title":"Stammkunden Bonus Programm - Vierklee Sportwetten Info-Seite","description":"Unser Stammkunden Bonus Programm f\u00fcr aktive Sportwetten Kunden. Wir bieten zahlreiche Boni f\u00fcr aktive Bestandskunden auf unserer Wettseite.","robots":{"index":"index","follow":"follow","max-snippet":"max-snippet:-1","max-image-preview":"max-image-preview:large","max-video-preview":"max-video-preview:-1"},"canonical":"https:\/\/vierklee.com\/index.php\/vierklee-stammkunden-bonus-program\/","og_locale":"de_DE","og_type":"article","og_title":"Stammkunden Bonus Programm - Vierklee Sportwetten Info-Seite","og_description":"Unser Stammkunden Bonus Programm f\u00fcr aktive Sportwetten Kunden. Wir bieten zahlreiche Boni f\u00fcr aktive Bestandskunden auf unserer Wettseite.","og_url":"https:\/\/vierklee.com\/index.php\/vierklee-stammkunden-bonus-program\/","og_site_name":"Vierklee Sportwetten Info-Seite","article_publisher":"https:\/\/www.facebook.com\/vierklee","article_modified_time":"2025-11-17T15:12:32+00:00","og_image":[{"url":"https:\/\/vierklee.com\/wp-content\/uploads\/2020\/12\/pyramid_blacktxt.png","type":"","width":"","height":""}],"twitter_card":"summary_large_image","twitter_site":"@vierkleebet","twitter_misc":{"Gesch\u00e4tzte Lesezeit":"3\u00a0Minuten"},"schema":{"@context":"https:\/\/schema.org","@graph":[{"@type":"WebPage","@id":"https:\/\/vierklee.com\/index.php\/vierklee-stammkunden-bonus-program\/","url":"https:\/\/vierklee.com\/index.php\/vierklee-stammkunden-bonus-program\/","name":"Stammkunden Bonus Programm - Vierklee Sportwetten Info-Seite","isPartOf":{"@id":"https:\/\/vierklee.com\/#website"},"primaryImageOfPage":{"@id":"https:\/\/vierklee.com\/index.php\/vierklee-stammkunden-bonus-program\/#primaryimage"},"image":{"@id":"https:\/\/vierklee.com\/index.php\/vierklee-stammkunden-bonus-program\/#primaryimage"},"thumbnailUrl":"https:\/\/vierklee.com\/wp-content\/uploads\/2020\/12\/pyramid_blacktxt.png","datePublished":"2020-07-16T06:59:32+00:00","dateModified":"2025-11-17T15:12:32+00:00","description":"Unser Stammkunden Bonus Programm f\u00fcr aktive Sportwetten Kunden. Wir bieten zahlreiche Boni f\u00fcr aktive Bestandskunden auf unserer Wettseite.","breadcrumb":{"@id":"https:\/\/vierklee.com\/index.php\/vierklee-stammkunden-bonus-program\/#breadcrumb"},"inLanguage":"de","potentialAction":[{"@type":"ReadAction","target":["https:\/\/vierklee.com\/index.php\/vierklee-stammkunden-bonus-program\/"]}]},{"@type":"ImageObject","inLanguage":"de","@id":"https:\/\/vierklee.com\/index.php\/vierklee-stammkunden-bonus-program\/#primaryimage","url":"https:\/\/vierklee.com\/wp-content\/uploads\/2020\/12\/pyramid_blacktxt.png","contentUrl":"https:\/\/vierklee.com\/wp-content\/uploads\/2020\/12\/pyramid_blacktxt.png","width":330,"height":300,"caption":"Stammkunden Bonus Programm"},{"@type":"BreadcrumbList","@id":"https:\/\/vierklee.com\/index.php\/vierklee-stammkunden-bonus-program\/#breadcrumb","itemListElement":[{"@type":"ListItem","position":1,"name":"Startseite","item":"https:\/\/vierklee.com\/"},{"@type":"ListItem","position":2,"name":"Stammkunden Bonus Programm"}]},{"@type":"WebSite","@id":"https:\/\/vierklee.com\/#website","url":"https:\/\/vierklee.com\/","name":"Vierklee Sportwetten","description":"Online Wetten oder unsere Wettterminals und Dartautomaten.","publisher":{"@id":"https:\/\/vierklee.com\/#organization"},"alternateName":"Vierklee Online Wetten","potentialAction":[{"@type":"SearchAction","target":{"@type":"EntryPoint","urlTemplate":"https:\/\/vierklee.com\/?s={search_term_string}"},"query-input":{"@type":"PropertyValueSpecification","valueRequired":true,"valueName":"search_term_string"}}],"inLanguage":"de"},{"@type":"Organization","@id":"https:\/\/vierklee.com\/#organization","name":"Vierklee Wettb\u00fcro GmbH","alternateName":"Vierklee","url":"https:\/\/vierklee.com\/","logo":{"@type":"ImageObject","inLanguage":"de","@id":"https:\/\/vierklee.com\/#\/schema\/logo\/image\/","url":"https:\/\/vierklee.com\/wp-content\/uploads\/2020\/12\/vierklee_hintergrund.png","contentUrl":"https:\/\/vierklee.com\/wp-content\/uploads\/2020\/12\/vierklee_hintergrund.png","width":265,"height":80,"caption":"Vierklee Wettb\u00fcro GmbH"},"image":{"@id":"https:\/\/vierklee.com\/#\/schema\/logo\/image\/"},"sameAs":["https:\/\/www.facebook.com\/vierklee","https:\/\/x.com\/vierkleebet","https:\/\/www.instagram.com\/vierkleebet\/","https:\/\/www.tumblr.com\/vierkleebet"]}]}},"_links":{"self":[{"href":"https:\/\/vierklee.com\/index.php\/wp-json\/wp\/v2\/pages\/38","targetHints":{"allow":["GET"]}}],"collection":[{"href":"https:\/\/vierklee.com\/index.php\/wp-json\/wp\/v2\/pages"}],"about":[{"href":"https:\/\/vierklee.com\/index.php\/wp-json\/wp\/v2\/types\/page"}],"author":[{"embeddable":true,"href":"https:\/\/vierklee.com\/index.php\/wp-json\/wp\/v2\/users\/1"}],"replies":[{"embeddable":true,"href":"https:\/\/vierklee.com\/index.php\/wp-json\/wp\/v2\/comments?post=38"}],"version-history":[{"count":11,"href":"https:\/\/vierklee.com\/index.php\/wp-json\/wp\/v2\/pages\/38\/revisions"}],"predecessor-version":[{"id":4199,"href":"https:\/\/vierklee.com\/index.php\/wp-json\/wp\/v2\/pages\/38\/revisions\/4199"}],"wp:attachment":[{"href":"https:\/\/vierklee.com\/index.php\/wp-json\/wp\/v2\/media?parent=38"}],"curies":[{"name":"wp","href":"https:\/\/api.w.org\/{rel}","templated":true}]}}